at is -480 - -323426?
322a56
In base 15, what is -c450 - 734?
-cb84
In base 3, what is 202110000201 + -10111?
202102220020
In base 9, what is 253 - 127832?
-127568
In base 12, what is -312222 - 139?
-31235b
In base 14, what is -27 + -130b2d?
-130b56
In base 7, what is -12 - 140443655?
-140444000
In base 2, what is -110110001100010101 + 111000?
-110110001011011101
In base 14, what is acb732 - -5?
acb737
In base 14, what is -2b1565 - 3?
-2b1568
In base 16, what is -14fc5e - -7?
-14fc57
In base 11, what is -386 - -82a99?
82713
In base 16, what is -1edf - -77?
-1e68
In base 13, what is 47a2680 + 3?
47a2683
In base 15, what is -d12901a - 1?
-d12901b
In base 2, what is 1001111100 + 101100111010001101?
101101000100001001
In base 12, what is 2 + -8037910?
-803790a
In base 2, what is -11101101111110 - 11010101011001?
-111000011010111
In base 16, what is -5 - 72eb43?
-72eb48
In base 5, what is -200410 - 302121?
-1003031
In base 3, what is 2221120100002 + 2002?
2221120102011
In base 10, what is 4 + 204391429?
204391433
In base 5, what is 2 - 343304402312?
-343304402310
In base 10, what is 51810142 - -3?
51810145
In base 14, what is 194d - -86c?
23bb
In base 9, what is 6 + -168577733?
-168577726
In base 14, what is 262 + c4d33?
c5195
In base 9, what is -1540 - 18070?
-20620
In base 3, what is 220210101121000 - 110?
220210101120120
In base 5, what is 2 - -30000202?
30000204
In base 11, what is -2568 + -12a6?
-3863
In base 6, what is -2325251 + 105?
-2325142
In base 8, what is 17564110 + 5?
17564115
In base 3, what is 222221012 + 1112021?
1001110110
In base 11, what is 3 - 10321751?
-10321749
In base 2, what is 100110111011110110000000000 - 1?
100110111011110101111111111
In base 16, what is 256 + -136e?
-1118
In base 6, what is 134 - 1225410134?
-1225410000
In base 13, what is -724135 + 1?
-724134
In base 4, what is 12330101 + -21011?
12303030
In base 15, what is -1004 - ebe?
-1ec3
In base 16, what is 51875b + e?
518769
In base 13, what is -b41a2 + 3b9?
-b3ab6
In base 13, what is 10 - 809801?
-8097c1
In base 11, what is 619 - 2a3485?
-2a2967
In base 13, what is a49ab27a + 0?
a49ab27a
In base 16, what is -f + -1149b6e?
-1149b7d
In base 16, what is -6 + -6893fc?
-689402
In base 14, what is -22a - 9c3b?
-a067
In base 6, what is 41 + 42125002?
42125043
In base 13, what is 31a9 - 4a2?
2a07
In base 5, what is -3214 - 1042201?
-1100420
In base 9, what is -8227041 - 0?
-8227041
In base 14, what is -1b9723 - -6?
-1b971b
In base 3, what is 2 - 10101022011022?
-10101022011020
In base 16, what is 342849 - -2?
34284b
In base 8, what is 2254 - -3240050?
3242324
In base 2, what is 10100001110110111100011 + 0?
10100001110110111100011
In base 14, what is 2b + 2242c5?
224312
In base 2, what is -10100 - -1000111001011110000?
1000111001011011100
In base 15, what is -36575e28 + 3?
-36575e25
In base 7, what is -2 + 40035405?
40035403
In base 7, what is -346516432 - -2?
-346516430
In base 14, what is 3153a - -62?
3159c
In base 2, what is 101100111000010110 - 110111010011?
101100000001000011
In base 11, what is -322 + 51759?
51437
In base 10, what is -73856041 - -2?
-73856039
In base 14, what is -345 + -5bb8?
-611d
In base 13, what is 2684b1 - 4?
2684aa
In base 5, what is 4031010 + -244301?
3231204
In base 13, what is b - 5602512?
-5602504
In base 3, what is -111212 - -1210202012?
1210020100
In base 14, what is 3a3 - 5a62d?
-5a26a
In base 14, what is 49 - 1a5971?
-1a5926
In base 11, what is -56 + -85203?
-85259
In base 16, what is e1b0 - 23c8?
bde8
In base 14, what is b56a2 - -3b?
b56dd
In base 9, what is -10813 - 83225?
-104138
In base 16, what is 60301b - 6?
603015
In base 16, what is 1350792 - -3?
1350795
In base 12, what is bb - 20418?
-20319
In base 7, what is -5 - -1335254364?
1335254356
In base 10, what is -28047 + -498?
-28545
In base 4, what is -10030113 + -1131?
-10031310
In base 4, what is -31 - 11231100212?
-11231100303
In base 16, what is -5 + -b3c505?
-b3c50a
In base 5, what is 1432312 - -1042?
1433404
In base 8, what is -755001 - 133?
-755134
In base 16, what is -47c39b30 - 2?
-47c39b32
In base 11, what is -577449 - -220?
-577229
In base 11, what is 15a96 - -5?
15aa0
In base 13, what is 1201 + -507?
9c7
In base 16, what is 2f071 + -26?
2f04b
In base 14, what is 9ad7 + -229?
98ac
In base 15, what is -4 - -1344ea8?
1344ea4
In base 7, what is -1621 + 101160?
66236
In base 8, what is -16702 + -333?
-17235
In base 10, what is -10 - -1680214?
1680204
In base 5, what is 32 - 2340331?
-2340244
In base 4, what is -1002331333302201 + 1?
-1002331333302200
In base 4, what is -100002 - -1000001202?
333301200
In base 10, what is 746 + -102003?
-101257
In base 2, what is -1000000010011110101110111 - 100?
-1000000010011110101111011
In base 15, what is -8603 - -12b89?
9586
In base 5, what is -10243443 - 10?
-10244003
In base 12, what is -2a1ba - 3a?
-2a238
In base 15, what is -1d0 - 4ed0?
-51b0
In base 10, what is -560330 - -21?
-560309
In base 11, what is -5 + -85a50?
-85a55
In base 3, what is 2 - 1222010101222010?
-1222010101222001
In base 5, what is -4 + -10024204214?
-10024204223
In base 8, what is -11233673 + 0?
-11233673
In base 6, what is -110052 - -222333?
112241
In base 7, what is 15360 - -21156?
36546
In base 11, what is -1333a363 - 28?
-1333a390
In base 14, what is 303b4c + -53?
303ad9
In base 13, what is 3496 - -3a8?
3871
In base 12, what is 82 + 1233384?
1233446
In base 12, what is -66996a53 + 0?
-66996a53
In base 3, what is 0 + -12021110122121122?
-12021110122121122
In base 4, what is -322311231 - -122?
-322311103
In base 7, what is -10 - 46136263?
-46136303
In base 16, what is 52190 - 6a6?
51aea
In base 12, what is 14 - -12027a5?
12027b9
In base 3, what is 200102110 + 102222212?
1010102022
In base 5, what is 1100231302 + -1324?
1100224423
In base 16, what is 23 - 3a54?
-3a31
In base 11, what is 2a4 - -22752?
22a46
In base 4, what is 1 + 32001330010?
32001330011
In base 10, what is -112 + 958?
846
In base 16, what is af8322 - -5?
af8327
In base 12, what is 4 + -204ab61?
-204ab59
In base 9, what is -1 + -22012038?
-22012040
In base 4, what is -10 - -212300213?
212300203
In base 6, what is 25034544 + 323?
25035311
In base 11, what is -19a + -67993?
-68082
In base 4, what is -22 + -2220001310212?
-2220001310300
In base 11, what is -6a00883 - a?
-6a00892
In base 14, what is -2c35 + -17b71?
-1a9a6
In base 12, what is 3b + -948a13?
-948994
In base 14, what is -c40d87 - -8?
-c40d7d
In base 9, what is 55143567 - -3?
55143571
In base 6, what is -33033042 - -30?
-33033012
In base 5, what is -1430102241 + 3?
-1430102233
In base 4, what is -2111110 + -12220000?
-20331110
In base 8, what is -360454107 - -5?
-360454102
In base 4, what is 2022211020 + 20?
2022211100
In base 3, what is 21211122122201222 - 1?
21211122122201221
In base 8, what is 1450 - -22232?
23702
In base 5, what is -244 + -202441010?
-202441304
In base 4, what is -101013023133 + -21?
-101013023220
In base 6, what is 1255 - 1355445?
-1354150
In base 7, what is 41240 - -6406?
50646
In base 2, what is 110 + 1111011011110001110100110111?
1111011011110001110100111101
In base 6, what is -103 + -34453004?
-34453111
In base 5, what is -130133 + 3324?
-121304
In base 13, what is 5 + -4179573?
-417956b
In base 12, what is -699 + 9ba?
321
In base 11, what is a0a26 - -11a?
a1045
In base 13, what is 5 - 2470011?
-2470009
In base 9, what is -4 + -276548?
-276553
In base 9, what is 1017453 - -228?
1017682
In base 7, what is 14260651 - 32?
14260616
In base 7, what is -42 - -35302605?
35302533
In base 6, what is 501 + 1002540503?
1002541404
In base 4, what is 12103 - -1031230110?
1031302213
In base 9, what is -36246 + -5760?
-43116
In base 8, what is 2030 + -724075?
-722045
In base 5, what is -1340030133 + 22?
-1340030111
In base 16, what is 16 + 101abca?
101abe0
In base 3, what is -21 + -101210100201100021?
-101210100201100112
In base 6, what is -552100 - -4430?
-543230
In base 14, what is 31c - -5b3a2?
5b6c0
In base 4, what is -20200 - -1233303?
1213103
In base 13, what is 4 + b4a83c?
b4a843
In base 10, what is 245903476 - -3?
245903479
In base 3, what is 2000 + -1112102010021?
-1112102001021
In base 14, what is bc7d - 1b?
bc62
In base 6, what is 24203 - 4421?
15342
In base 8, what is 271 - -306655?
307146
In base 16, what is